6073 is divided by 21224?
185
Calculate the remainder when 40787 is divided by 3394.
59
Calculate the remainder when 260959 is divided by 2137.
245
What is the remainder when 22024980 is divided by 271?
268
What is the remainder when 17929 is divided by 512?
9
Calculate the remainder when 7920398 is divided by 1367.
0
Calculate the remainder when 88593093 is divided by 2418.
2409
Calculate the remainder when 345836 is divided by 1441.
1437
Calculate the remainder when 227645966 is divided by 75881985.
11
What is the remainder when 8999 is divided by 2518?
1445
Calculate the remainder when 49402622 is divided by 2058442.
14
What is the remainder when 121036 is divided by 1890?
76
What is the remainder when 3238569 is divided by 107952?
9
Calculate the remainder when 1582040 is divided by 1026.
974
Calculate the remainder when 1452971 is divided by 726469.
33
What is the remainder when 13446864 is divided by 145?
144
What is the remainder when 3067041 is divided by 76676?
1
Calculate the remainder when 36147 is divided by 34061.
2086
What is the remainder when 2066575 is divided by 417?
340
Calculate the remainder when 1592826 is divided by 37924.
18
What is the remainder when 250471 is divided by 125218?
35
What is the remainder when 1098820 is divided by 274695?
40
Calculate the remainder when 477019 is divided by 194.
167
Calculate the remainder when 27860 is divided by 3900.
560
Calculate the remainder when 21840250 is divided by 275.
25
What is the remainder when 108233532 is divided by 5897?
5891
What is the remainder when 2213149 is divided by 28?
1
What is the remainder when 2596727 is divided by 7941?
20
Calculate the remainder when 3272916 is divided by 13.
10
Calculate the remainder when 588479 is divided by 168.
143
What is the remainder when 6621331 is divided by 1223?
9
Calculate the remainder when 279576993 is divided by 411.
408
Calculate the remainder when 752442 is divided by 24.
18
What is the remainder when 211920 is divided by 42331?
265
What is the remainder when 46724 is divided by 283?
29
What is the remainder when 467681389 is divided by 7106?
7105
What is the remainder when 882209 is divided by 176431?
54
Calculate the remainder when 72962 is divided by 679.
309
Calculate the remainder when 127875 is divided by 127069.
806
What is the remainder when 3012998 is divided by 1005?
8
What is the remainder when 9398 is divided by 83?
19
Calculate the remainder when 77613 is divided by 4679.
2749
What is the remainder when 6676299 is divided by 683?
657
What is the remainder when 33309136 is divided by 81?
73
Calculate the remainder when 220991 is divided by 69.
53
What is the remainder when 20896879 is divided by 35?
24
What is the remainder when 8962555 is divided by 2669?
53
Calculate the remainder when 4392305 is divided by 2065.
50
What is the remainder when 3707256 is divided by 3420?
3396
Calculate the remainder when 73890 is divided by 73750.
140
What is the remainder when 1029089 is divided by 343026?
11
What is the remainder when 190744 is divided by 63240?
1024
What is the remainder when 1005931 is divided by 2020?
1991
Calculate the remainder when 134640 is divided by 133995.
645
Calculate the remainder when 120300 is divided by 4653.
3975
Calculate the remainder when 1994689 is divided by 53.
34
Calculate the remainder when 133334 is divided by 34.
20
Calculate the remainder when 54364 is divided by 4465.
784
Calculate the remainder when 2696162 is divided by 3050.
3012
What is the remainder when 15963275 is divided by 473?
471
Calculate the remainder when 329800 is divided by 1254.
1252
Calculate the remainder when 20269 is divided by 3377.
7
What is the remainder when 257812 is divided by 422?
392
What is the remainder when 23089 is divided by 7674?
67
Calculate the remainder when 1140044 is divided by 1679.
3
Calculate the remainder when 2519036 is divided by 419837.
14
What is the remainder when 39440115 is divided by 251?
234
What is the remainder when 16387694 is divided by 26821?
63
Calculate the remainder when 95493 is divided by 23761.
449
What is the remainder when 820067 is divided by 14387?
8
What is the remainder when 4118064 is divided by 19894?
6
What is the remainder when 488267 is divided by 6188?
5603
Calculate the remainder when 383584055 is divided by 17.
16
Calculate the remainder when 284756 is divided by 3273.
5
Calculate the remainder when 676058 is divided by 963.
32
Calculate the remainder when 807423 is divided by 134569.
9
Calculate the remainder when 398386 is divided by 1755.
1
Calculate the remainder when 20127541 is divided by 5031885.
1
Calculate the remainder when 8683512 is divided by 2894497.
21
Calculate the remainder when 16675762 is divided by 208447.
2
What is the remainder when 112864 is divided by 4352?
4064
Calculate the remainder when 28380000 is divided by 25.
0
Calculate the remainder when 568850 is divided by 8244.
14
What is the remainder when 11520377 is divided by 104?
89
Calculate the remainder when 195366 is divided by 184257.
11109
Calculate the remainder when 13304 is divided by 66.
38
What is the remainder when 230874 is divided by 2347?
868
What is the remainder when 1833126 is divided by 4283?
2
Calculate the remainder when 32024 is divided by 3635.
2944
What is the remainder when 139501 is divided by 367?
41
Calculate the remainder when 16276433 is divided by 5425447.
92
Calculate the remainder when 465486 is divided by 20.
6
Calculate the remainder when 2109139 is divided by 14446.
23
What is the remainder when 65283 is divided by 6519?
93
Calculate the remainder when 2649884 is divided by 264987.
14
Calculate the remainder when 10776118 is divided by 43.
17
What is the remainder when 1269 is divided by 366?
171
Calculate the remainder when 86705 is divided by 2709.
17
Calculate the remainder when 8399419 is divided by 524963.
11
Calculate the remainder when 29249196 is divided by 522307.
4
Calculate the remainder when 4830011 is divided by 966001.
6
Calculate the remainder when 2014733 is divided by 7222.
7017
What is the remainder when 86113314 is divided by 36?
18
Calculate the remainder when 13300786 is divided by 201525.
136
What is the remainder when 2678987 is divided by 2418?
2261
Calculate the remainder when 6773184 is divided by 2257158.
1710
Calculate the remainder when 275090 is divided by 3568.
354
Calculate the remainder when 583517 is divided by 113.
98
What is the remainder when 7567994 is divided by 100?
94
Calculate the remainder when 1021184 is divided by 13967.
1593
What is the remainder when 191812 is divided by 139?
131
What is the remainder when 356173 is divided by 2457?
2365
What is the remainder when 465550 is divided by 1212?
142
What is the remainder when 147171 is divided by 18393?
27
Calculate the remainder when 68344 is divided by 2279.
2253
Calculate the remainder when 7602 is divided by 839.
51
Calculate the remainder when 127778 is divided by 31855.
358
Calculate the remainder when 5672285 is divided by 472683.
89
Calculate the remainder when 58964 is divided by 207.
176
Calculate the remainder when 4947604 is divided by 6041.
25
What is the remainder when 61556202 is divided by 18502?
48
Calculate the remainder when 5298121 is divided by 125.
121
What is the remainder when 237878 is divided by 148?
42
Calculate the remainder when 43219791 is divided by 7.
6
What is the remainder when 10877344 is divided by 25005?
169
What is the remainder when 6962401 is divided by 2320794?
19
Calculate the remainder when 34476793 is divided by 84.
1
What is the remainder when 16087990 is divided by 49?
16
What is the remainder when 87395380 is divided by 43697679?
22
What is the remainder when 5939523 is divided by 55?
18
What is the remainder when 5704598 is divided by 438815?
3
What is the remainder when 3727890 is divided by 1242621?
27
Calculate the remainder when 9897542 is divided by 86.
60
Calculate the remainder when 68171 is divided by 145.
21
What is the remainder when 6186969 is divided by 232?
225
Calculate the remainder when 26166843 is divided by 3347.
3344
What is the remainder when 14686 is divided by 1528?
934
Calculate the remainder when 79438 is divided by 39.
34
Calculate the remainder when 21565673 is divided by